-2*s**3 - 23*s**2 + 20*s + 88. Give v(-12).
-8
Let x(w) = -w**3 + 4*w**2 + 430*w + 32. Determine x(-19).
165
Let t(u) = 3*u**2 - 3*u - 82. Determine t(-6).
44
Let p(g) = -g**3 - 22*g**2 + 41*g + 260. Give p(-23).
-154
Let w(k) = k**2 - 19*k + 85. Give w(13).
7
Let b(c) = -c**3 - 2*c**2 + 8*c + 14. What is b(-6)?
110
Let k(j) = j**2 - 61*j - 951. What is k(74)?
11
Let l(d) = -337*d - 32695. Give l(-97).
-6
Let b(r) = -2*r**3 - 22*r**2 - 2*r + 59. Calculate b(-11).
81
Let v(u) = 2*u**3 - 38*u**2 - 220*u - 471. What is v(24)?
9
Let a(w) = 8*w**2 - 30*w - 280. What is a(-6)?
188
Let n(i) = 82*i + 1455. Determine n(-18).
-21
Let a(p) = -p**3 - 2*p**2 - 3*p - 86. Give a(-6).
76
Let z(h) = 127*h - 13607. What is z(107)?
-18
Let n(x) = -732*x + 2191. Determine n(3).
-5
Let h(q) = q**2 - 14*q - 75. What is h(-4)?
-3
Let x(c) = -11*c - 211. What is x(0)?
-211
Let n(v) = -v**2 + 61*v - 643. What is n(16)?
77
Let b(y) = 1250*y - 6241. Determine b(5).
9
Let d(s) = -53*s - 915. What is d(-13)?
-226
Let t(a) = -3*a**2 + 19*a + 44. Calculate t(8).
4
Let i(o) = o**2 + 179*o - 2707. Determine i(14).
-5
Let v(c) = -60*c + 3875. Give v(65).
-25
Let c(h) = h**3 + 20*h**2 + 103*h - 21. Calculate c(-10).
-51
Let i(z) = 43*z - 69. What is i(4)?
103
Let h(r) = -109*r + 1891. Calculate h(17).
38
Let t(o) = -51*o - 1721. Determine t(-34).
13
Let c(b) = -2*b**2 + 33*b + 305. Determine c(-10).
-225
Let s(k) = -15*k**2 - 2029*k - 544. Calculate s(-135).
-4
Let l(g) = -191*g - 13569. Give l(-71).
-8
Let y(j) = 4*j**2 + 60*j + 35. Determine y(-11).
-141
Let y(m) = -m**3 - 19*m**2 - 73*m - 17. Give y(-5).
-2
Let o(g) = -6*g**3 + 4*g**2 + 2*g + 2. What is o(-4)?
442
Let t(a) = -a**3 - 3*a**2 + 4*a + 15. Give t(3).
-27
Let m(h) = -h**3 + 10*h**2 - 2*h - 9. Calculate m(10).
-29
Let z(n) = -14147*n + 14149. Determine z(1).
2
Let p(x) = -4*x - 104. What is p(-13)?
-52
Let v(x) = 9508*x - 19025. Give v(2).
-9
Let l(d) = 251*d - 40160. What is l(160)?
0
Let i(m) = -19*m**3 + 112*m**2 + 10*m + 12. What is i(6)?
0
Let f(b) = -7*b**3 + 5*b**2 - 542*b - 2167. Give f(-4).
529
Let p(l) = 70*l + 11. Give p(2).
151
Let r(d) = -d + 103. Calculate r(8).
95
Let o(a) = a**2 - 35*a - 162. Give o(38).
-48
Let i(t) = -t**3 - 39*t**2 - 103*t + 169. What is i(-36)?
-11
Let u(o) = -o**3 - 37*o**2 + 52*o - 1017. Calculate u(-39).
-3
Let b(c) = 2*c**2 - 42*c + 207. Calculate b(15).
27
Let b(f) = -67*f**2 + 206*f - 21. Calculate b(3).
-6
Let i(v) = 2*v**3 + 6*v**2 - 16*v + 3. What is i(5)?
323
Let g(m) = -m**3 - 21*m**2 - 93*m + 2. Determine g(-15).
47
Let y(u) = u**2 - 6*u - 1. Determine y(-13).
246
Let p(v) = -12*v**3 - 29*v + 55. Calculate p(3).
-356
Let f(x) = 3*x**2 + 369*x + 287. Determine f(-122).
-79
Let d(s) = 123*s + 5. Determine d(2).
251
Let m(n) = -n**3 - 12*n**2 - 27*n - 23. Give m(-10).
47
Let l(u) = -5*u**2 + 21*u + 93. Give l(-8).
-395
Let o(j) = -820*j - 2466. What is o(-3)?
-6
Let y(k) = 2*k**3 - 4*k**2 - 16*k + 2. Give y(4).
2
Let c(w) = -2256*w - 13. Determine c(0).
-13
Let g(v) = 104*v**2 + 63650*v + 1226. Give g(-612).
2
Let o(u) = u**3 - 12*u**2 - 5*u - 63. Determine o(13).
41
Let g(m) = m**3 - 4*m**2 + 8*m + 49. What is g(5)?
114
Let m(d) = -26*d**2 - 17*d + 39. What is m(3)?
-246
Let b(w) = 82*w + 418. What is b(-5)?
8
Let b(x) = -9*x**2 - 109*x - 7. Give b(-12).
5
Let p(q) = 174*q + 3303. What is p(-19)?
-3
Let v(s) = s**2 + 10*s - 272. Determine v(-22).
-8
Let i(a) = -362*a + 3977. Give i(11).
-5
Let c(j) = -j**3 - 28*j**2 - 49*j + 49. Calculate c(-26).
-29
Let p(t) = 7*t**3 - 19*t**2 + 19*t. Give p(1).
7
Let p(d) = 917*d - 914. Calculate p(1).
3
Let b(t) = -6917*t - 6911. Give b(-1).
6
Let r(u) = 6*u**3 - u**2 + 6*u + 1. What is r(-3)?
-188
Let g(c) = c**3 - 35*c**2 + 312*c + 24. Give g(15).
204
Let l(r) = -103*r**2 + 2471*r + 19. What is l(24)?
-5
Let g(c) = c**2 - 6*c - 99. Calculate g(11).
-44
Let m(h) = 93*h**2 - 196*h + 22. Determine m(2).
2
Let u(c) = 1138*c + 38686. What is u(-34)?
-6
Let i(m) = -64*m + 2442. What is i(35)?
202
Let j(b) = -b**2 + 69*b + 3916. What is j(-37)?
-6
Let j(s) = 83*s - 844. Give j(11).
69
Let n(h) = -h**2 + 17*h - 9. Give n(17).
-9
Let g(d) = -48*d + 965. Calculate g(20).
5
Let u(q) = -19*q - 237. Calculate u(-4).
-161
Let f(p) = 434*p - 42101. Give f(97).
-3
Let i(q) = 7*q**2 - 1661*q + 10165. Calculate i(231).
1
Let l(f) = -7*f**3 + 37*f**2 + 32*f - 17. Calculate l(6).
-5
Let y(z) = -2*z**2 - 5*z - 66. Give y(-6).
-108
Let k(x) = x**2 - 45*x + 358. Give k(11).
-16
Let k(l) = -2*l**3 - 66*l**2 - 10*l - 333. Determine k(-33).
-3
Let k(m) = -22*m - 9. Calculate k(-8).
167
Let x(f) = 1812*f - 61613. What is x(34)?
-5
Let i(z) = -z**3 - 14*z**2 + 32*z + 22. What is i(-16)?
22
Let x(l) = l**3 - 19*l**2 - 96*l + 3. Calculate x(22).
-657
Let i(j) = 134*j + 273. What is i(-3)?
-129
Let c(i) = i**2 + 12*i - 69. Determine c(-11).
-80
Let q(k) = -2*k**3 + 4*k**2 - 23*k + 80. Determine q(7).
-571
Let h(x) = 3*x**3 + 87*x**2 + x + 79. Give h(-29).
50
Let z(u) = u**3 + 25*u**2 - 37*u - 290. Give z(-26).
-4
Let o(l) = -7*l**2 + 246*l + 1100. Give o(-4).
4
Let i(p) = -p**3 + 7*p**2 - 16*p + 5. Calculate i(5).
-25
Let k(d) = d**3 + 22*d**2 - 3*d - 70. Calculate k(-22).
-4
Let g(s) = -2*s**3 + 5*s**2 + 15*s - 55. Give g(3).
-19
Let q(t) = -t**3 + 67*t**2 - 419*t - 86. Determine q(60).
-26
Let v(n) = n**3 + 21*n**2 + 27*n + 119. Calculate v(-20).
-21
Let m(f) = -139*f - 852. Calculate m(-6).
-18
Let o(f) = -33*f + 2249. What is o(68)?
5
Let b(t) = -4*t**2 - 88*t + 922. What is b(-30)?
-38
Let r(g) = -4*g**2 + 12*g + 155. Determine r(8).
-5
Let r(i) = 21*i + 1002. Determine r(-45).
57
Let l(b) = b**2 + 16*b + 44. Determine l(-8).
-20
Let y(n) = -n**3 + 23*n**2 - 127*n + 88. What is y(15)?
-17
Let k(q) = 148*q + 15085. Determine k(-102).
-11
Let a(b) = -6*b**2 - 278*b - 368. Calculate a(-45).
-8
Let r(g) = g**3 - 20*g**2 + g - 35. What is r(20)?
-15
Let r(o) = 2*o**3 - 188*o**2 - 778*o - 574. Determine r(98).
14
Let s(a) = -a**3 + 5*a**2 - 15. Calculate s(2).
-3
Let y(k) = -k**2 - 28*k - 22. What is y(-31)?
-115
Let r(d) = 3*d**2 + 143*d + 575. Calculate r(-43).
-27
Let r(x) = -6*x**2 + 643*x - 6941. What is r(95)?
-6
Let r(x) = 716*x - 4993. What is r(7)?
19
Let v(i) = -i**3 - 88*i**2 - 314*i - 5017. Give v(-85).
-2
Let o(i) = -12*i**3 - 57*i**2 + 10*i. Calculate o(-5).
25
Let m(z) = 114*z + 3656. Determine m(-32).
8
Let s(d) = 24*d + 142. Calculate s(-5).
22
Let t(x) = 9*x**2 - 85*x + 526. Calculate t(6).
340
Let h(g) = g**3 + 8*g**2 - 8*g - 108. Calculate h(-7).
-3
Let y(r) = r**3 + r**2 - 62*r - 43. Determine y(-8).
5
Let i(a) = a**2 + 2*a + 52. Give i(0).
52
Let p(n) = -8*n**2 - 498*n - 116. What is p(-62)?
8
Let w(a) = -295*a + 54583. Give w(185).
8
Let j(a) = 5*a**3 - 42*a**2 + 14*a + 19. Calculate j(8).
3
Let s(r) = r**3 - 8*r**2 + 23*r - 266. Calculate s(9).
22
Let o(u) = -268*u + 991. Determine o(3).
187
Let y(w) = 4*w**3 + 13*w**2 - 19*w - 69. Give y(-3).
-3
Let b(f) = -f**3 - 5*f**2 - 5*f - 17. Give b(-5).
8
Let v(h) = h**3 + 9*h**2 + 3*h + 19. What is v(-4)?
87
Let j(n) = -1306*n + 43148. Determine j(33).
50
Let l(n) = -457*n + 1384. Determine l(3).
13
Let w(a) = 5*a**2 + 4*a - 3. Determine w(6).
201
Let b(v) = -422*v - 85666. Determine b(-203).
0
Let h(k) = 2*k**2 + 343*k + 1798. Determine h(-166).
-28
Let i(f) = 44*f - 827. Calculate i(18).
-35
Let c(y) = y**3 - y**2 - 58*y + 38. Determine c(8).
22
Let x(k) = -k**3 - 19*k**2 - 39*k + 160. Calculate x(-16).
16
Let q(o) = -4*o**2 - 24*o + 544. What is q(-15)?
4
Let h(u) = -11*u**3 - 316*u**2 + 92*u + 156. What is h(-29)?
11
Let w(s) = s**3 - 8*s**2 + 16*s - 82. Calculate w(7).
-19
Let b(o) = 208*o + 5406. What is b(-24)?
414
Let o(l) = l**3 - 263*l**2 - 1889*l + 7. Determine o(-7).
0
Let a(i) = 1908*i + 15261. Calculate a(-8).
-3
Let t(p) = -p**2 + 420*p + 25072. Determine t(-53).
3
Let x(d) = 25*d**3 + 199*d**2 - 8*d - 9. Determine x(-8).
-9
Let b(y) = -y**3 - 29*y**2 - 121*y + 1. What is b(-5)?
6
Let d(q) = -q**2 - 68*q + 1055. Determine d(-81).
2
Let y(c) = 366*c - 1407. Calculate y(4).
57
Let w(f) = -79*f - 89. Calculate w(-1).
-10
Let s(p) = -p**3 + 7*p**2 - 12*p + 1. Determine s(2).
-3
Let a(d) = 9*d**3 - 74*d**2 + 36*d - 133. Determine a(8).
27
Let t(q) = q**3 - 10*q**2 - 11*q + 175. Gi